 = -1251 + 6238. What is the tens digit of n?
8
Let d(a) = 130*a - 9. Let g(b) = -68*b + 8. Let v(k) = -475*k + 55. Let c(j) = -20*g(j) + 3*v(j). Let z(x) = 5*c(x) + 3*d(x). What is the tens digit of z(1)?
6
Let i(u) = u**3 - 16*u**2 - 17*u + 3. Let v be i(17). Suppose v*n = 5*n. Suppose n = y - 6 - 33. What is the units digit of y?
9
Let x = -52 + 58. Let j(u) = u**3 - 3*u**2 + 3*u + 4. What is the units digit of j(x)?
0
Let f(r) = 14*r**2 - 7*r + 114. What is the thousands digit of f(-17)?
4
Let g be 28/(-4) - -4 - -19. Suppose -3*h - h = -g. Suppose 0 = -h*l - 3*u + 26, l - u - 18 = -3*l. What is the units digit of l?
5
Let y(f) = -f**3 - 17*f**2 - 13*f + 116. What is the tens digit of y(-18)?
7
Let k = -41 - -40. What is the units digit of (-2 - 290/(2/k)) + 1?
4
Suppose -700 = -0*h - 4*h. Let a = h + -51. Suppose 106 + 28 = 5*g + 2*r, -4*g + a = -4*r. What is the units digit of g?
8
Let v be (-9)/6*24/(-18). Suppose v*o = -4*d - 18, -d - 5 = 5*o + d. What is the units digit of o/(-4) - 226/(-8)?
8
Let b = -13 - -17. Suppose 5 = -3*y - 0*y + 5*u, -5*u = -b*y. Suppose -4*o + 41 = n, -o + 6*o - y = 0. What is the tens digit of n?
3
Let u(r) = -2*r**3 + r**2 + 51. Suppose -2*w + 0*w = -2*t + 8, -2*t + 8 = -5*w. What is the units digit of u(w)?
1
Suppose 4*y - 28 = -4*t, -2*y + 3 = -5. Suppose -2*r + 4*s = -70, 0 = 2*r + t*s - 42 - 0. What is the units digit of r?
7
Suppose 4*b - 570 + 38 = 0. Let v = b + -62. What is the tens digit of v?
7
What is the hundreds digit of (-4940)/(-35) + 3/(-21)?
1
Let k(o) = -21*o - 8. Let s(q) = -q**2 + 26*q - 59. Let x be s(24). What is the tens digit of k(x)?
2
Let c be 1/(-3) - 152/(-6). Let j = c + 9. Let g = 57 - j. What is the tens digit of g?
2
Suppose -2802 = -5*o + 518. Let u = o - 392. What is the hundreds digit of u?
2
Let w(s) = -s**2 - 10*s + 5. Let l be w(-10). Suppose -l*y = 2*n + n + 12, 4*n + 16 = -3*y. What is the tens digit of (-2904)/(-77) - n/14?
3
Let r(u) be the third derivative of u**5/4 - u**4/4 + u**3 - 6*u**2. What is the tens digit of r(1)?
1
Let v(u) = 73*u**3 + 2*u**2 + 4*u - 4. Let r(p) = p**2 + p - 1. Let g(k) = -3*r(k) + v(k). What is the units digit of g(1)?
2
Let g(w) = 126*w**2 + 2*w - 2. Let x = 5 - 4. What is the tens digit of g(x)?
2
Suppose 5*g - 7938 = 2*l, 31*g - l = 29*g + 3175. What is the tens digit of g?
8
Suppose w + 8 = -w, 0 = 5*y + 4*w + 41. Let x be 3/y - 90/(-25). What is the tens digit of 50/(x/(6/4))?
2
Let h(i) = -i - 6. Let j be h(-8). Suppose 0 = -j*k - 2*k - 4, -925 = -4*v + 5*k. Suppose -c = 5*b + c - v, 4*c = 0. What is the tens digit of b?
4
Let g(q) = -9*q - 12. Let s(y) = -y - 1. Let p(w) = g(w) - 15*s(w). Let t be p(3). Suppose 3*n + 22 = j, 2*j - t = -5*n + 1. What is the units digit of j?
6
Let x(b) = 21 + 2*b + 16 + 0*b - 5*b. What is the tens digit of x(-15)?
8
What is the tens digit of (-8047)/(-13) - -4*1?
2
Let v = 540 + 211. What is the hundreds digit of v?
7
Let k(z) = -z**2 + z + 56. Let l be k(0). Let d = l + -10. What is the units digit of d?
6
Let b(t) = -5*t - 1. Let d(g) = -6*g - 2. Let q(n) = 3*b(n) - 2*d(n). Let h = -34 - -25. What is the tens digit of q(h)?
2
Let v(a) = -20*a + 15. Let x be v(1). Let l(w) be the second derivative of -w**3/6 + w**2/2 + w. What is the units digit of l(x)?
6
Let m(j) = 11*j**2 + 7*j + 13. Let r be m(-4). Let x = r + -95. What is the tens digit of x?
6
Suppose -3*r + 44 = o, -14*o + 18*o - 2*r = 176. What is the tens digit of o?
4
Let d = 1292 - 617. What is the tens digit of d?
7
Let c = -497 + 248. Let q = -136 - c. What is the tens digit of q?
1
Let c be (2 - (0 + 3)) + 53. Let y = -3 + 3. Suppose y = 4*f - 2*f - c. What is the tens digit of f?
2
Suppose 0*k + 927 = 3*k + 3*p, -4*k = 3*p - 1231. Let w = k - 206. What is the tens digit of w?
9
What is the tens digit of 21304/30 - 2/15?
1
What is the thousands digit of -1*((-4)/(-3) - (-280525)/(-75))?
3
Let z(w) = w**2 + 3*w - 13. Let j be z(4). Suppose 0 = 5*m - j*m + 950. What is the tens digit of m?
9
Suppose -4*c = 12, 4*p + c = 5*c - 20. Let x be ((-10)/p)/(4/16). Suppose -j + x = 3*d, -3*j + 31 = -0*d + 5*d. What is the tens digit of j?
1
Let d = -348 + 185. Let q = 252 + d. What is the tens digit of q?
8
Let l(q) = -q**2 + 5*q + 1. Let b be l(2). Suppose 0 = -b*f - 5*f + 3132. What is the tens digit of f?
6
Let u(z) = 3*z**2 + z + 1. Let b be u(-2). Let g(y) = -74*y + 75*y + 1 + 2 - 1 + 10. What is the tens digit of g(b)?
2
Suppose -2*q - 3*p = -3184, 0 = 4*q - 22*p + 21*p - 6340. What is the tens digit of q?
8
Suppose -d - 3*l + 352 + 449 = 0, 4*l = -d + 802. What is the units digit of d?
8
What is the units digit of 5 + (-17289)/(-36) - (-1)/(-4)?
5
Let k(a) = a**3 - 11*a**2 - a + 8. Let s be k(11). Let b be -2 - (-6)/(-9)*s. Let r = 6 + b. What is the units digit of r?
6
Let u = -42 - -52. Suppose -u = -t - 0. What is the units digit of t?
0
Suppose 12 = 11*t - 21. Let k(y) = 5 + 10*y + 1 + 1. What is the units digit of k(t)?
7
Let n = -16 - -15. What is the units digit of n + 4 - (-220)/4?
8
Suppose -22*y + 12*y = -2350. What is the units digit of y?
5
Suppose 4*h - 8 = 2*h. Suppose -h*p = 2*p - 306. What is the units digit of p?
1
Suppose q + 3*a - 66 = 0, 0*a = -5*q - 5*a + 300. What is the tens digit of q?
5
Suppose m + 18106 = 5*w, 0 = -3*w + 8*m - 12*m + 10882. What is the units digit of w?
2
Suppose 9*j = 4*j + 245. Let p = 23 - 7. Let t = j - p. What is the tens digit of t?
3
Suppose 0 = -43*h - 2990 + 84819. What is the tens digit of h?
0
Let l be (-2)/7 + (-2)/(-7). Let t be ((-2)/(-4))/((-2)/28). Let d = l - t. What is the units digit of d?
7
Let z(f) = -f**3 - 7*f**2 - 9*f - 16. Let i be z(-7). Let o = 97 - i. What is the tens digit of o?
5
Suppose -3*t - 2*h = -0*h - 162, -5*h = -4*t + 239. Suppose -t = -2*l - 8. What is the tens digit of l?
2
Suppose -1100*q - 7392 = -1104*q. What is the units digit of q?
8
Suppose 527 = 5*q - 853. Suppose 2*t + 746 = 5*k + q, 0 = -2*k + t + 187. Let c = -41 + k. What is the units digit of c?
5
Suppose -2*f + 3237 = 3*w, -4321 = -4*w - 26*f + 25*f. What is the hundreds digit of w?
0
Suppose 0 = -3*d - 4*f + 5758 + 1257, -4*d + 9370 = -3*f. What is the thousands digit of d?
2
Suppose 5*w + 35 = l, -2*l = -0*l - w - 43. Suppose -p - 16 = -3*f - 1, 0 = -p - 4*f + l. Suppose t - 19 = -p*t. What is the tens digit of t?
1
Suppose 46 - 2 = -4*t - 2*v, 32 = -4*t + 4*v. Let r be (-2)/t + 171/45. What is the units digit of (12/10)/(r/10)?
3
Let v = -170 - -255. What is the units digit of 30 + -27 - (1 + 0 - v)?
7
Suppose 37 = 2*d + 3*u, 69 = 4*d - 2*u + 7*u. Suppose h = -3*x - 2*x + d, -3*x + 4 = -2*h. Suppose x*s + 10 = 2, 168 = 5*r + 3*s. What is the tens digit of r?
3
Suppose -3*w = -2*w - 3. Let o be ((-56)/21 - -3) + (-240)/(-9). Suppose -w*t = -o - 78. What is the tens digit of t?
3
Suppose 0 = 4*j - 5*l - 6057 - 5880, 3*l = -3*j + 8973. What is the units digit of j?
8
Let u(y) = -15*y + 7. Let a be u(2). Let o(h) = -h**3 - 23*h**2 - 8*h - 57. What is the units digit of o(a)?
7
Suppose 744 = 10*g + 54. What is the tens digit of g?
6
Let j(w) = 2*w + 5. Let p(d) = 10*d + 26. Suppose -2*r + 16 = 4. Let x(q) = r*p(q) - 33*j(q). What is the tens digit of x(-8)?
3
Suppose -w = -5*a + 5205, 3*a - 3135 = -62*w + 65*w. What is the thousands digit of a?
1
What is the thousands digit of (30/(-12))/(4/(-6840))?
4
Let a(r) = 9*r + 3. Suppose 4*y + 5 + 10 = 5*d, 0 = -5*d - 4*y + 55. Let k(c) = -2*c + 17. Let x be k(d). What is the tens digit of a(x)?
3
Let i(o) = -o**3 + 2*o**2 + 2*o - 1. Let g be i(2). Suppose 7 = -2*j + g*j. What is the units digit of j?
7
Let d(j) = -j**3 - 2*j**2 + 3*j. Let c be d(-3). Suppose c = -2*z - 3*z + 115. What is the units digit of z?
3
Suppose -186 - 94 = 14*m. Suppose 2*q - 6*q - p = -9, 5*p + 12 = -q. Let i = q - m. What is the units digit of i?
3
Suppose 0 = 43*i - 42*i - 5. What is the units digit of 5/i*9*(2 + -1)?
9
Suppose 73*g - 68*g - 2130 = 0. What is the tens digit of g?
2
Suppose 12*b - 8*b = -736. Let p = b - -458. What is the hundreds digit of p?
2
What is the thousands digit of (-8)/18 - (-56176)/36?
1
Let n(s) = s**3 - 21*s**2 + s + 3. Let z be n(21). What is the units digit of 492/7 - z/84?
0
Suppose 3*q - l = 4*q - 9, 3*l = 0. Let x(i) = -i**3 + 9*i**2 +